i(h) composite?
False
Let z = -2 - -6. Let r be 8/(-164) + 683460/1476. Suppose -5*q = -z*t + 5*t - r, 5*q - 1792 = -4*t. Is t composite?
False
Let d(n) be the first derivative of 107*n**3/3 + 25*n**2/2 + 121*n + 233. Is d(-4) a composite number?
False
Let n(t) be the third derivative of 173*t**4/6 + 47*t**3/6 - 10*t**2 - 5*t. Is n(12) a prime number?
False
Suppose 40*y - 62549 = 38011. Let p(j) = -2*j - 12. Let d be p(-6). Suppose d*k + y = 6*k. Is k a composite number?
False
Let n(v) = v**3 + 2*v**2 - 9*v - 3. Let b be n(-4). Let z be (-19 - -22) + b + -1. Is 307/(5/(z + 2)) a composite number?
False
Let r = -2793 + 6731. Let s = 7466 - r. Suppose -3*l + s = 15. Is l composite?
False
Suppose 2*h + 4*f - 230 - 214 = 0, 4*f + 198 = h. Let a = 165 + h. Is a a prime number?
True
Suppose 4*m - 35662 = -28*d + 23*d, 2*m - 17870 = 4*d. Is m prime?
True
Let x = -395 + 216. Is 0*1/5 - x a prime number?
True
Suppose 0 = -599*r + 590*r + 891. Suppose -6 = -3*t, 97*h - 3*t = r*h - 37616. Is h a prime number?
False
Suppose 0 = -4*y - 6*v + 9*v + 35, -5*v = -5*y + 50. Let c(d) = d + 8. Let u be c(-5). Suppose -y*i = -3*g + 2962, u*i - 936 - 28 = -g. Is g a prime number?
False
Let l = -1622 - 1298. Let i = 775 - l. Suppose 0 = 7*j - 12*j + i. Is j a prime number?
True
Suppose 35300103 - 8911608 = 315*d. Is d a prime number?
True
Let y(s) = 973*s**2 + 5*s + 15. Suppose -5*g + 2*c - 30 = 0, 6*g - c + 13 = 4*g. Is y(g) a prime number?
False
Let r(b) = -3*b - 8. Let m be r(-4). Suppose -2*z = m*q - 21 - 5, 4*q - 5*z = 5. Suppose -u - 2*a + 846 = 0, 0*u = 2*u - q*a - 1656. Is u prime?
False
Suppose -2*d - 4*v + 150854 = 0, 3*v - 96587 - 54269 = -2*d. Is d composite?
False
Suppose -9*n + 421554 - 56292 = -74865. Is n a prime number?
False
Suppose 196991 - 670912 = -19*u + 484610. Is u a composite number?
True
Suppose -36047 = -2*w + 28163. Is w a prime number?
False
Let z(g) = 31*g - 16. Let b(s) = -61*s + 33. Let c(h) = -3*b(h) - 7*z(h). Suppose -19 = 3*q - 2*f, -7*q - 2 = -5*q - 4*f. Is c(q) a composite number?
True
Suppose 23 + 1 = 4*x. Let i = x + -6. Suppose i = 4*y - 17 - 23. Is y a composite number?
True
Let t(o) = 27*o + 46. Let f be t(-2). Is f/(-14) - 50546/(-14) - 4 prime?
True
Suppose 7*m = 555551 + 1318097. Suppose -64*z = -80*z + m. Is z a prime number?
True
Suppose -2*u - 2*l + 0*l = -7078, -3534 = -u + 4*l. Suppose 0 = x - 4, 0 = -t + 3*x - x - u. Let c = -2416 - t. Is c composite?
True
Let z(k) be the third derivative of 0 - 5/24*k**4 + 5*k**2 + 0*k - 9/2*k**3 + 1/30*k**5. Is z(-7) composite?
True
Suppose -3 = -8*n + 13. Let x be 8/(8 - 4) + n. Is (0 - x - -93)/1 prime?
True
Suppose -2021 - 9084 = -5*g. Suppose -6*o + 27925 = g. Suppose -4644 = -4*m - 4*v, 1523 = 5*m + 4*v - o. Is m a prime number?
True
Let r(k) = -13*k - 5*k**2 + 7*k**2 + 5*k**2 + 18 - 5 + k**3. Let v = -187 + 197. Is r(v) a prime number?
True
Suppose 5*l + 1945994 = w, 2*w - 43*l + 40*l - 3891953 = 0. Is w prime?
True
Let s = 2759564 - 901035. Is s prime?
True
Let w(u) = 16*u**2 - 2*u + 4. Let z be w(-2). Is 3*8612*6/z prime?
True
Suppose 403483 = 58*h - 16514479. Is h a prime number?
True
Let c = 12955 - -33244. Is c composite?
False
Let r = 29 - 2. Let u = r + -21. Suppose -z = -5*t - 4 - 14, -u = 2*t. Is z prime?
True
Suppose -2*v + 5 = -5. Let r(q) = -35*q + 139. Let a be r(4). Is v/((-135)/(-28854)) - a/3 composite?
False
Suppose 0 = 55*v + 22*v - 5*v - 3971448. Is v prime?
False
Let o(y) = 65*y**2 + 31*y + 67. Is o(-15) prime?
False
Suppose 315445*m = 315421*m + 95016. Is m a prime number?
False
Let s = 122877 - -22510. Is s prime?
False
Let n(j) be the first derivative of -58*j**2 + 129*j - 11. Is n(-34) composite?
False
Let t = -33138 + 15756. Is -3 + t*(-7)/21 prime?
True
Suppose 4*u + m = 33153, -3*u - 2*u = 4*m - 41455. Is u a prime number?
True
Let b = 2867871 + -975672. Is b a composite number?
True
Suppose -16 - 1 = 2*f + 5*o, 5*f = o + 25. Suppose -5*p + 3*u + 512 = f*u, -2*p + 3*u + 198 = 0. Let t = -56 + p. Is t composite?
True
Let i be 2/7 + (-9)/7 + -3. Let v be (-294)/i*5*82/15. Suppose 3*c + 338 = v. Is c composite?
False
Let r = -16 + 15. Let j be (r + 0)/(17436/(-4360) + 4). Is j/5*(-5)/2 composite?
True
Let l(y) = 41*y**2 - y + 65. Is l(-7) composite?
False
Is (217599/9)/((-15)/(-45)) composite?
False
Let j(r) = r**3 - 9*r**2 + 2*r. Let l be j(9). Suppose 0 = -l*q + 58877 + 81325. Is q a composite number?
False
Suppose 0 = r - 27 + 22. Suppose -h - 5 = -2*h, r*d = 2*h + 10. Suppose -4*w + 370 = 2*x, 0 = d*x + w + 3*w - 752. Is x a composite number?
False
Suppose 42*n - 43*n + 102806 = -i, -5*n = 5*i - 514080. Is n a prime number?
True
Let p(a) = 4118*a - 525. Is p(2) composite?
True
Suppose k + 3*x = 2*x - 26, 48 = -2*k - x. Let f = 48 + k. Suppose 719 = 27*r - f*r. Is r a composite number?
False
Suppose -27*s - 8931 = -40170. Suppose 3*i = 4*w + s, 3 = w + 8. Is i a prime number?
True
Let h be (24/(-21))/(4/(-14)). Suppose 0 = -h*f - p - 0*p + 23, f + p = 8. Is 1948/f + 51/(-85) composite?
False
Suppose 703*t + 58380010 = 833*t. Is t prime?
True
Let n = 38 - 34. Suppose 5*x = l + 34410, -n*x + 1479 + 26068 = 3*l. Is x composite?
False
Let t = 77 + -76. Is (-175794)/(-5) - t*3/(-15) composite?
False
Let d = 591 - 585. Suppose -d*a + 1908 + 7350 = 0. Is a prime?
True
Let m = 38 + -38. Let d be m + 552 - (6 - 5). Let c = d + -140. Is c composite?
True
Let k be 2*-4*(-35)/56. Suppose 2*c + 3*c - 1940 = -k*f, 3*f = 4*c - 1559. Is c a composite number?
False
Let h(g) = 10*g + 121. Let j be h(-12). Is ((-12065)/(-285))/((2 - j)/93) a composite number?
True
Suppose -45 = -8*a + 179. Suppose -4*p = -4*l + a, 4*p + l + 2*l = -63. Is (4 + -1)*(-8)/p*251 a prime number?
False
Suppose -30*z - 5*z = 2*z - 2848963. Is z composite?
True
Suppose 5*q + 4*n = 29314, 11725 = 2*q - 4*n + 5*n. Let f = q + -361. Is f prime?
True
Suppose 5*c = 56*n - 51*n, -10 = -2*c - 3*n. Suppose 2*k = -3*u + 32167, -c*u = -4*k - 8381 - 13069. Is u composite?
False
Let c(r) = -r**2 + 25*r - 154. Let k be c(12). Suppose 2*v = 4*d + 15230, d = v - k*d - 7618. Is v a composite number?
True
Suppose 248*c - 61811701 = 102259891. Is c a prime number?
False
Let v be (-3 - 65/(-20)) + (-1208745)/36. Is (6/8)/((-2)/(v/9)) composite?
False
Let k = -45476 + 83683. Is k prime?
False
Is (-55)/(-66) + (-203157)/(-54) a composite number?
True
Suppose f + 3 = 0, 7*h - 10*h + 5*f + 192 = 0. Let s = h - 69. Let t(k) = 2*k**2 + 13*k - 11. Is t(s) a prime number?
True
Let s be -1*3 + -5 + 3. Let w be (s/(20/51))/((-12)/544). Let y = -57 + w. Is y composite?
False
Let u = 1 + 19. Suppose -12 = 4*s + 8, 0 = -4*k - 4*s - u. Suppose k = 4*i + 20 - 232. Is i prime?
True
Suppose -23*j - 67*j + 1116812 = -1636558. Is j a composite number?
False
Let r = 16 + -20. Is 1361 - -1 - r*(-5)/(-20) composite?
True
Suppose 0 = -5*y + 123*d - 120*d + 749254, -y = -4*d - 149861. Is y a prime number?
False
Is ((-98961)/36)/((-2)/24) composite?
False
Let d(o) = 8*o**3 - 38*o - 101. Is d(23) a prime number?
False
Suppose -7 = -r - 3*d + 15, 2*d + 4 = 2*r. Is (1/(-5))/(r/(-47635)) composite?
False
Is -7*415905/(-147) + (-7 - 1) composite?
True
Let n be ((-10)/8)/(12/96). Let m(k) = -k**3 - 9*k**2 + 11*k + 15. Let p be m(n). Suppose 668 = p*y + 33. Is y composite?
False
Let d(g) = -49*g - 6. Let w(x) = -6*x**3 - x**2 - 3*x - 3. Let n be w(-2). Suppose n = -5*l + 12. Is d(l) composite?
False
Let r(y) = -78*y**3 + 10*y**2 + 11. Let k be r(-5). Suppose 4*p - k + 135 = 0. Is p a prime number?
False
Let l(n) = -201*n**3 - 14*n**2 - 34*n + 107. Is l(-16) prime?
False
Suppose 3*o = 2*c - 35 - 40, -3*o = c + 84. Is 119810/5*(o/6 + 5) a prime number?
True
Suppose -104 = -2*m + 4*w, 0 = -m + 5*w + 22 + 21. Is m a prime number?
False
Suppose 5*u - 15 = -2*l, -15 = -4*l + 5*u - 0. Suppose 4*s - l*i + 12 = -0*s, -2*s - 28 = 3*i. Is (-75)/60*(-367)/(-2)*s composite?
True
Is 14615496/64 - (0/(-2) - 11/(-88)) a composite number?
True
Suppose 30*j - 29*j - 1340 = 0. Is j - ((4/1 - 4) + -3) composite?
True
Suppose -584*d + 53305407 + 556957657 = 0. Is d prime?
True
Suppose 2*l = 5*q - 168581, q - 18780 = 4*l + 14929. Is q a composite number?
True
Let o be 367 + ((1 - 2)/(-1))/(-1). Suppose 4*j = -3*t + 1989, -t - j + o = -298. Is t a prime number